t p(j) = -j**2 + 44*j - 205. Determine p(39).
-10
Let f(r) = -2*r**3 - 7*r**2 - 10*r + 6. Give f(-6).
246
Let q(m) = -m**2 - 828*m - 35241. Determine q(-45).
-6
Let u(g) = 7*g**2 + 23*g - 40. Determine u(-4).
-20
Let u(o) = -265*o + 333. Give u(0).
333
Let i(s) = -s**3 - 12*s**2 + 159*s - 6. Determine i(10).
-616
Let b(j) = 7*j**2 - 18*j - 119. What is b(-7)?
350
Let b(g) = -3*g**2 + 29*g - 80. What is b(11)?
-124
Let h(r) = 2*r**3 + 23*r**2 - 62*r + 25. Give h(2).
9
Let z(t) = -5*t**3 - 98*t**2 - 80*t - 439. What is z(-19)?
-2
Let s(i) = 2*i**3 + 31*i**2 + 31*i + 120. Determine s(-15).
-120
Let l(m) = 11*m + 42. What is l(7)?
119
Let r(g) = g**3 - 44*g**2 + 102*g + 869. What is r(41)?
8
Let h(q) = -q**3 + 31*q**2 - 152*q + 48. What is h(25)?
-2
Let o(q) = -2035*q - 6141. What is o(-3)?
-36
Let a(r) = 2*r**3 + 2*r**2 + 3*r + 3. Give a(4).
175
Let p(b) = 18*b**2 + 101*b + 36. Calculate p(-5).
-19
Let j(h) = -2*h**2 + 86*h + 713. What is j(50)?
13
Let d(p) = 5*p**2 + 81*p - 2. What is d(-12)?
-254
Let u(m) = -3*m**3 + 54*m**2 - 50*m - 21. Give u(17).
-4
Let n(o) = 14*o**2 + 47*o + 20. Determine n(-3).
5
Let s(h) = h**3 + 53*h**2 + 341*h + 88. Give s(-46).
-786
Let y(d) = -d**3 - d**2 + 77*d + 39. Determine y(9).
-78
Let x(f) = 55*f - 13. Determine x(-2).
-123
Let u(z) = z - 93. Give u(25).
-68
Let q(r) = 40*r + 236. Determine q(-6).
-4
Let z(v) = 24*v**2 + 616*v - 58. Determine z(-26).
150
Let q(z) = z**2 - 26*z - 118. Determine q(30).
2
Let s(p) = 74*p**2 - 511*p + 23. Calculate s(7).
72
Let p(a) = -a**2 + 62*a + 3266. Give p(-34).
2
Let l(y) = y**3 - 5*y**2 + 47*y - 198. Give l(5).
37
Let p(j) = -j**3 + 67*j**2 - 125*j - 336. Calculate p(65).
-11
Let y(c) = -419*c + 23467. Give y(56).
3
Let x(w) = -49*w + 390. What is x(3)?
243
Let j(a) = -1627*a - 13023. Calculate j(-8).
-7
Let d(n) = 371*n - 5958. Determine d(16).
-22
Let i(q) = -945*q - 1047. Give i(-1).
-102
Let l(h) = -9*h**3 - 53*h**2 - 10*h - 90. What is l(-6)?
6
Let w(o) = -o**3 + 32*o**2 - 35*o - 746. What is w(30)?
4
Let z(k) = -k**3 + 60*k**2 - 13*k + 4515. Calculate z(61).
1
Let s(h) = -h**3 - 2*h**2 + 594*h - 3. Determine s(0).
-3
Let d(y) = 6*y**2 + 6*y - 10. Calculate d(-4).
62
Let o(h) = 65*h - 89. Give o(2).
41
Let p(n) = 2*n**3 - 30*n**2 - 6*n - 3. What is p(15)?
-93
Let v(b) = -b**2 + 67*b + 168. Determine v(69).
30
Let z(m) = -m**3 + 15*m**2 - 20*m + 32. Give z(10).
332
Let b(y) = -36139*y - 216832. Determine b(-6).
2
Let l(x) = 9*x**2 - 141*x + 9. Give l(14).
-201
Let b(p) = 471*p**2 - 13*p - 12. Calculate b(-1).
472
Let s(z) = -z**2 - 348*z - 7175. Give s(-22).
-3
Let y(i) = 8*i - 167. Give y(19).
-15
Let i(w) = -w**3 + w**2 + 15*w + 424. What is i(0)?
424
Let o(s) = 4*s**2 + 491*s - 8884. What is o(16)?
-4
Let h(a) = 151*a + 14329. What is h(-95)?
-16
Let p(l) = l**2 + 24*l + 120. Determine p(-19).
25
Let f(j) = -268*j + 1025. Give f(4).
-47
Let z(h) = -62*h - 29. What is z(6)?
-401
Let k(m) = 3*m + 156. Calculate k(-25).
81
Let s(k) = k**3 - 11*k**2 - 341*k + 718. Give s(2).
0
Let k(y) = 52*y + 15. What is k(-2)?
-89
Let z(h) = -13*h**3 + h**2 + 24*h + 24. Calculate z(-1).
14
Let y(z) = 8*z**2 + 5*z + 3. Give y(-2).
25
Let k(b) = b**3 + 29*b**2 + 97*b + 1157. What is k(-27)?
-4
Let q(c) = c**2 + 423*c - 3446. Calculate q(8).
2
Let n(d) = -131*d - 1980. What is n(-16)?
116
Let o(r) = -43*r + 2321. Calculate o(54).
-1
Let o(a) = -1000*a - 7004. What is o(-7)?
-4
Let s(n) = -n**3 + 8*n**2 + 17*n + 60. What is s(10)?
30
Let m(f) = 2*f**3 + 49*f**2 - 197*f - 48. What is m(-28)?
-20
Let j(c) = -13*c - 15. Calculate j(-2).
11
Let u(d) = -70*d + 20. Determine u(1).
-50
Let m(g) = -3*g**3 + 28*g**2 + 23*g - 36. Calculate m(10).
-6
Let z(b) = 335*b + 2026. Calculate z(-6).
16
Let u(x) = x**2 + 155*x + 3568. What is u(-28)?
12
Let j(o) = 302*o + 4044. Determine j(-13).
118
Let h(a) = 2*a**3 - 22*a**2 + 20*a + 21. Give h(10).
21
Let g(x) = x**3 - 75*x**2 + 137*x + 643. Give g(73).
-14
Let n(r) = 2*r**3 + 24*r**2 + 37*r + 139. Determine n(-11).
-26
Let w(q) = -q**3 + 9*q**2 - 233*q + 2415. What is w(10)?
-15
Let n(h) = 173*h - 1181. Give n(7).
30
Let g(z) = 4*z**3 - z**2 - 3*z + 5. Determine g(-3).
-103
Let c(t) = 14*t**2 - 591*t + 122. Determine c(42).
-4
Let u(r) = 4*r**3 - 13*r**2 + 6*r - 10. Determine u(3).
-1
Let l(h) = h**2 - 23*h + 30. Give l(2).
-12
Let c(q) = -q**3 + 115*q**2 - 2187*q + 273. Give c(91).
0
Let p(h) = -h**3 + 6*h**2 - 16*h + 62. Determine p(5).
7
Let l(w) = -147*w**2 + 4997*w + 38. What is l(34)?
4
Let y(k) = 472*k - 15586. Give y(33).
-10
Let w(n) = 232*n + 2784. Determine w(-12).
0
Let z(u) = 96*u**3 + u**2 + 4*u - 5. What is z(1)?
96
Let v(p) = 2*p**3 - 5*p**2 - 19*p - 3. Calculate v(-3).
-45
Let z(m) = 90*m**2 + 10*m - 14. Calculate z(2).
366
Let d(w) = -49*w - 1102. Give d(-22).
-24
Let t(q) = 4*q**3 - 478*q**2 - 238*q - 227. Calculate t(120).
13
Let n(p) = -13*p**2 + 31*p + 31. What is n(-1)?
-13
Let b(y) = y**3 + 12*y**2 - 15*y - 58. Give b(-13).
-32
Let l(n) = 15*n - 334. Determine l(23).
11
Let b(c) = 58*c + 39. Determine b(-5).
-251
Let r(a) = -a**3 - 2*a**2 + 65*a - 27. Calculate r(6).
75
Let h(g) = 2*g**3 - 2*g**2 - g + 1. What is h(2)?
7
Let q(i) = i**2 + 36*i - 37. What is q(-38)?
39
Let j(t) = -6*t**3 - 12*t**2 + 39*t + 14. Determine j(5).
-841
Let z(y) = y**3 + 310*y**2 + 11256*y + 4. What is z(-42)?
4
Let c(i) = -23*i - 1613. Give c(-70).
-3
Let k(y) = -3*y**3 + 14*y**2 - 31*y - 35. Calculate k(5).
-215
Let h(j) = -2*j**2 + 64*j - 41. Determine h(37).
-411
Let y(w) = -37*w + 127. Give y(4).
-21
Let k(v) = 2*v**3 - 6*v**2 + 2*v + 15. What is k(4)?
55
Let h(p) = p**3 - 74*p**2 - 6*p + 447. Determine h(74).
3
Let m(f) = -72*f - 371. What is m(-5)?
-11
Let t(p) = 3*p**3 + 84*p**2 + 89*p + 212. Calculate t(-27).
-4
Let p(v) = -24*v + 213. Give p(7).
45
Let r(l) = -143*l - 1058. What is r(-6)?
-200
Let w(q) = 2*q**3 + 16*q**2 + 34*q + 168. What is w(-7)?
28
Let r(y) = 584*y - 4092. What is r(7)?
-4
Let k(r) = -2*r**3 + 82*r**2 - 73*r - 165. What is k(40)?
115
Let g(x) = -76*x**2 - 1362*x + 105. Give g(-18).
-3
Let i(u) = -3*u**3 + 161*u**2 - 106*u - 24. Calculate i(53).
-24
Let w(s) = s**3 + 2*s**2 - 7*s - 14. Determine w(-3).
-2
Let v(m) = -295*m - 29523. What is v(-100)?
-23
Let c(v) = -v**2 + 13*v + 336. Determine c(26).
-2
Let q(k) = 67*k**2 + 3488*k + 166. What is q(-52)?
-42
Let q(c) = 8*c**2 + 16*c - 27. Determine q(1).
-3
Let p(w) = w**3 - 14*w**2 - 11*w + 93. Determine p(8).
-379
Let x(o) = -o**3 + o**2 - 8*o + 5. Determine x(0).
5
Let u(l) = 136*l - 129. What is u(1)?
7
Let k(y) = -23*y**3 + 9*y + 15. Give k(-2).
181
Let u(b) = -17*b + 60. Determine u(9).
-93
Let m(a) = -20*a**3 - 18*a**2 + 47*a + 3. Calculate m(-2).
-3
Let t(g) = 4*g**2 + 91*g + 91. Calculate t(-21).
-56
Let d(s) = -s**3 + 18*s**2 + 37*s + 35. Calculate d(20).
-25
Let x(j) = j**3 + 14*j**2 + 34*j + 389. Calculate x(-13).
116
Let t(x) = -3*x**2 - 167*x - 1094. Determine t(-7).
-72
Let t(c) = -29*c**3 + 2*c**2 - 18*c + 33. Calculate t(2).
-227
Let o(a) = a**3 + 39*a**2 - 154*a - 4561. Determine o(-40).
-1
Let h(c) = 2518*c + 45358. What is h(-18)?
34
Let o(d) = 5*d**2 - 105*d + 633. Determine o(15).
183
Let b(c) = -4*c**2 + 69*c - 36. What is b(16)?
44
Let w(n) = -17*n + 30. Determine w(1).
13
Let f(s) = 1278*s + 1273. Determine f(-1).
-5
Let s(o) = 58*o. Calculate s(-4).
-232
Let i(k) = -5*k**2 - 22*k + 49. Calculate i(-6).
1
Let f(h) = -61*h + 488. Determine f(8).
0
Let q(f) = -156*f + 8. Determine q(-1).
164
Let i(s) = s**2 - 8*s + 65. Give i(12).
113
Let s(k) = 526*k - 22615. Determine s(43).
3
Let u(x) = -10*x**2 - 6*x + 194. Determine u(-6).
-130
Let w(c) = -939*c + 56329. What is w(60)?
-11
Let i(a) = -a**2 - 379*a - 7499. Determine i(-21).
19
Let k(n) = -3*n**2 - 132*n - 256. Give k(-42).
-4
Let w(j) = 10*j + 192. What is w(-6)?
132
Let u(p) = -p**3 + 37*p**2 - 2*p - 38. Give u(37).
-112
Let c(a) = -99*a + 13853. Give c(140).
-7
Let d(w) = 73*w + 166. What is d(-4)?
-126
Let z(y) = y**3 - 7*y**2 + 349*y - 3287. Give z(9).
16
Let l(p) = 7*p**2 - 429*p + 100. Determine l(61).
-22
Let s(h) = h**3 - 73*h**2 + 138*h + 74. What is s(71)?
-210
Let x(u) = -2*u**2 - 13*u - 10. Determine x(-8).
-34
Let n(w) = w**3 - w**2 + 9*w + 35. What is n(0)?
35
Let c(z) = z**2 - 33